 7*g + 6. Suppose 5*u + 37 = -18. Let f(i) = -10*i**2 - 13*i + 11. Let d(c) = u*n(c) + 6*f(c). Suppose -41*t + 7*t = -34. Give d(t).
-6
Let n = -3 + 9. Let s(u) = 26 - u**2 - 31 + u + n*u. What is s(7)?
-5
Let o(a) = -10*a**3 + a**2 + a + 1. Let c(b) = -b**2 - 7*b - 3. Let y be c(-5). Let u = 41 - 49. Let t = u + y. Calculate o(t).
11
Let n(s) = -13*s**2 + 2*s. Suppose 4*q + 0 + 13 = 3*l, 0 = -5*l + 5*q + 15. Give n(l).
-15
Let p(v) = -51 + 134 - 44 + v - 44. What is p(3)?
-2
Let f(v) be the first derivative of -v**6/120 - v**5/60 - v**4/8 - v**3/2 - 17*v**2/2 - 8. Let s(u) be the second derivative of f(u). Calculate s(-2).
7
Suppose 2*l = -2*l - 28. Let r(i) be the first derivative of i**2/2 + 2*i - 157. Calculate r(l).
-5
Let n(x) = -x**2 + 6*x - 9. Let w be 30/1*-1*60/(-75). Let b = -18 + w. What is n(b)?
-9
Let i(f) = -f**3 + 19*f**2 + 1. Let s(u) = -3*u**3 + 76*u**2 + u + 4. Let m(l) = 4*i(l) - s(l). Suppose 6*j + 1 = 5*j. Calculate m(j).
2
Let y(a) = -a**2 - 16*a + 8. Let n = 90 + -107. Calculate y(n).
-9
Let x(l) = 3*l**3 - 2*l**3 - 8 + 0*l**3 - 9*l**2 + 9*l. Let s = -162 + 40. Let m = s - -130. Determine x(m).
0
Let p(u) = -8*u + 13*u + 1 + 5*u. Let w = -20 - -22. Suppose 30 = w*r + 28. What is p(r)?
11
Let i = -18 + 14. Let o = 8 + -6. Let m(q) = 2*q**o + 2 + q + 2*q - 7 - q**2. Give m(i).
-1
Let z = 111 - 120. Let m(j) = j**3 + 9*j**2 - 10. Calculate m(z).
-10
Let v = -13 + 11. Let z(h) be the third derivative of -h**5/20 + 5*h**4/24 + h**3 - 2*h**2. Let d(w) = w**2 - 2*w - 2. Let m(i) = 11*d(i) + 4*z(i). Give m(v).
2
Suppose 5*a + 4*v = 30, -5*v + 13 + 10 = -a. Let y = 15 - a. Let x(w) = -28*w**2 - 3*w**3 + 24*w**2 + y*w + 6 - 5*w + 2*w**3. Calculate x(-5).
-9
Let k(b) be the first derivative of 1/4*b**4 + 2*b + b**2 + 17 - 4/3*b**3. Let p be (-32)/(-14) - 4/14. Calculate k(p).
-2
Let d(u) = 3*u**3 + u**2 - u - 1. Let k be 10/4*52/65. Suppose -k*p - 11 = -7. Let v be -3 - 6/p - 1. Determine d(v).
-2
Let l(q) = -q**2 - 7*q. Let v = -842 + 839. Calculate l(v).
12
Suppose -414*j + 393*j = 84. Let p(v) = -2*v - 2*v - 2 + 5*v. Give p(j).
-6
Let u = 4 + 3. Let i(c) = -1 - 2*c - 1 + u*c + 4. Give i(-2).
-8
Suppose -17*g - 27 = -20*g. Suppose -4 = 2*j - 3*z, 4*j - 5*z + 1 = -g. Let p(y) = y**3 + 6*y**2 + 7*y + 5. Calculate p(j).
-5
Let c = 60 - 51. Suppose 12*u + 12 = c*u. Let y(h) = -h**3 - 3*h**2 + 5*h. What is y(u)?
-4
Let h(m) = 5*m**3 - 9*m**2 - 5*m + 8. Let i(k) = -13*k**3 + 26*k**2 + 14*k - 23. Let j(z) = -8*h(z) - 3*i(z). Give j(-5).
-10
Let q(u) = -u**2 - 8*u + 8. Let x(p) = -51*p + 195. Let r be x(4). What is q(r)?
-1
Let t(z) = -z**2 - 11*z + 7. Let u(l) = -l**3 + 26*l**2 + 84*l + 77. Let c be u(29). Give t(c).
17
Let h(d) = -4 - 4*d - 4*d - 1 + 6 + 3054*d**2 - 3053*d**2. Calculate h(7).
-6
Let v be 1/4 - (-582)/(-24). Let p = 20 + v. Let j(m) = m**3 + 4*m**2 - m - 3. Determine j(p).
1
Let p(o) = -5*o - 6. Let l(h) = 63*h + 72. Let n(z) = 2*l(z) + 25*p(z). Let d be 5 - (-2)/4*0. Determine n(d).
-1
Let r(c) = -47 - c**2 + 46 + 4 + 3*c. What is r(-5)?
-37
Let q(j) = -7*j**2 - 2*j - 1. Suppose -5*d + 2*d + 182 = -2*p, 3*p - 130 = -2*d. Let a = -63 + d. Determine q(a).
-6
Let m = -40 + 60. Let a be (0 - -1)/(4/m). Let n(j) be the second derivative of -j**5/20 + 5*j**4/12 + 3*j**2 + 10*j. What is n(a)?
6
Let c(y) = -y**3 - 7*y**2 - 6*y - 7. Suppose 0 = 3*u + 12, 6*l - 4*u - 116 = l. Suppose -2*o + l = -6*o - a, -a + 4 = 0. Calculate c(o).
-7
Suppose 3*z - 11 = -2. Let p(q) = -3*q**2 - 4*q**2 - 2*q**3 - 6*q - 3*q + q**z - 7. Give p(-6).
11
Let d(m) = 25*m - 1. Suppose -81*y + 76*y - 5 = 0. What is d(y)?
-26
Let t(u) = -2*u - 4. Suppose 2*w = -3*l + 7, -19*w + 16*w = 4*l - 8. What is t(w)?
4
Let k = 173 - 175. Let w(b) = -b. Give w(k).
2
Let j(p) = p**3 - 10*p**2 + 7*p - 6. Let w(n) = 2*n**3 - 22*n**2 + 15*n - 13. Let z(k) = -5*j(k) + 2*w(k). Let l = -4 + 9. Calculate z(l).
4
Let b(w) = 8*w - 80. Let h be b(9). Let i(m) = -m + 6. Give i(h).
14
Suppose -2*d - 8 - 6 = 0. Let y(k) = -35*k + 21*k + 22*k + 3*k**2 - 2*k**2 + 1 + 6. Give y(d).
0
Let x(c) = 1 - 3 + c - 2*c. Let f be (100/30)/(50/90). What is x(f)?
-8
Let s(n) = n**2 - 2*n - 3. Let r be s(5). Suppose 9*c = 7*c - r. Let y(x) = -x**2 - 5*x + 5. What is y(c)?
-1
Suppose 0 = m - 4 + 5. Let p be m/4 - 26/(-8). Let u(f) = 3*f**3 - 3*f. Let b(k) = -2*k**3 + 2*k. Let z(g) = p*u(g) + 4*b(g). Calculate z(2).
6
Let c(i) = 7 + 0*i + 3*i + i**2 - 12. Let n(k) = k**2 + 3*k - 4. Let y(x) = 4*c(x) - 5*n(x). Determine y(-4).
-4
Let g(d) be the first derivative of -d**4/2 - d**3 + 3*d**2/2 - 2*d - 87. Determine g(-3).
16
Let b(z) = 15*z**2 + 2*z. Suppose 13 = 2*a - 3*q, -3*a + 4*a - 2*q - 9 = 0. What is b(a)?
13
Suppose 5*a = -4*c - 5, -3*c - 3*a - 5 = 2*a. Let q(l) = l**3 - l**2 + 3. Determine q(c).
3
Let x(g) = -g. Let c be (3 - (4 - (-4 + 4)))/1. Let m be 12 + -6 + (c - -2). Give x(m).
-7
Let t(x) = 37*x - 24. Let h(a) = 8*a - 7. Let f(w) = -18*h(w) + 4*t(w). Give f(-6).
6
Let o(a) = 2 - a**3 + 0*a**3 + 144*a + 2*a**3 - 145*a. What is o(0)?
2
Let w(q) = q**3 + 3*q**2 + 9. Let o(x) = x**3 + 5*x**2 + 4*x - 10. Let u be o(-3). Determine w(u).
-7
Suppose 0 = 2*w + 6. Let a be (2 + w)/((-6)/6). Let g(s) = -1 + 4*s - 3*s + 4*s. What is g(a)?
4
Let p(a) be the second derivative of -a**5/20 + a**4/2 - a**3 + a**2/2 + 16*a. Let u(j) = -2*j**2 - 3*j. Let l be u(-2). Let b be (6/l)/((-6)/10). What is p(b)?
-4
Let r = -685 + 686. Let t(x) = -27*x**3 + x**2 - 2*x + 1. Calculate t(r).
-27
Let l(j) = j**3 - 5*j**2 + j - 2. Suppose 0 = 4*d + 34 - 90. Suppose 2*y - 2 + d = 0. Let t(n) = -n**2 - 6*n + 5. Let k be t(y). Determine l(k).
3
Let t be (-3)/(-3) + 5/1. Let h = 13 - t. Let a = h - 1. Let o(x) = x**3 - 7*x**2 + 6*x - 7. What is o(a)?
-7
Let x = -8 - -5. Let f = 8 + x. Suppose 0 = -3*v + f*j + 18, v + 4*j + 2 = -9. Let i(o) = 6*o**3 + o**2 + o - 1. Determine i(v).
7
Suppose 3*j + 4*r = 5*j + 42, 5*r = -4*j - 19. Let x = -7 - j. Let h(c) = 0*c**3 + 0*c**2 - 2*c**2 + 4*c - c**3 + 5*c**2 - 1. Calculate h(x).
-1
Let p(m) = -m**2 - 5*m + 7. Let z be ((-24)/(-20))/(3/(-15)). Let g be (-60)/8*16/z. Suppose 11*u = 7*u - g. Determine p(u).
7
Let m(u) = u**2 + 12*u - 1. Let q(c) = -3*c**2 - 36*c + 1. Let y(n) = -11*m(n) - 4*q(n). Calculate y(-11).
-4
Let b(s) = s - 3. Let r(m) = -m**2 - 16*m + 5. Let z(y) = -5*b(y) - r(y). Determine z(-11).
10
Let t(i) = i - 1. Suppose -6 = 5*l - 26. Suppose 4*f - 4*v = v + 4, -f + 22 = l*v. Suppose 2*j - 5*j - f = 0. What is t(j)?
-3
Let p(u) be the second derivative of 1/6*u**4 - 4*u - 1/3*u**3 - 1/2*u**2 + 0. Calculate p(-2).
11
Let q(w) = 4*w**3 - 3*w**3 - 14*w**2 + 6*w**2 + 1 - w**2 - 2*w + 8*w**2. Calculate q(-2).
-7
Suppose -4*a = -40 - 8. Let n be (a/(-20))/(1/(-5)). Suppose -3*m + n*s + 6 = 0, 5*m - 3*s + 30 = -8*s. Let p(v) = -v**3 - 2*v**2 + v + 2. What is p(m)?
0
Let o(v) = -15*v. Suppose -13*g = -10*g - 42. Suppose -15*r = -r + g. Calculate o(r).
15
Let q(w) = -3*w + 12. Let f(o) be the third derivative of o**3/6 - 2*o**2. Let l be -2 + (-3 - -3) + 1. Let p(g) = l*q(g) + 5*f(g). Calculate p(6).
11
Let o(z) = 22*z**2 + 17*z - 9. Let x(d) = 8*d**2 + 6*d - 3. Let b(a) = -3*o(a) + 8*x(a). Let j(h) = h**3 + 11*h**2 + h + 8. Let i be j(-11). What is b(i)?
-6
Let k(q) = -q**2 + q - 1. Let j(r) = -3*r**2 - 2*r + 6. Let y(g) = -j(g) + 2*k(g). Let x(c) = -2*c + 4. Let v be 0 + 4 + 1/1. Let z be x(v). Give y(z).
4
Let r(g) = -g - 6. Let k be r(0). Let l be (-2)/6 + 106/k. Let z = 20 + l. Let u(c) = c**3 - c**2. Give u(z).
4
Let p be (-1)/((-4)/(8/6) - -2). Let s be -1 + 2 - (p + 1). Let a(h) be the third derivative of -3*h**4/8 + 2*h**2. Give a(s).
9
Let l(k) = -k**3 + 5*k**2 + 6*k - 8. Let q = 37 - 68. Let b = -28 - q. Suppose 2*c - v - 3*v + 4 = 0, -5*v = b*c - 38. Give l(c).
-8
Let l(v) = -39*v - 4. Let j(k) = 1. Let w(u) = 5*j(u) + l(u). Give w(-1).
40
Suppose -o - 3*b + 15 = 0, -5*o - b - b + 10 = 0. Let z(j) = -j - 9. Let u(a) = 3*a + 26. Let y(i) = 2*u(i) + 7*z(i). What is y(o)?
-11
Let v = -489 - -489. Let z(f) be the third derivative of -5/24*f**4 - 4*f**2 + v - 2/3*f**3 + 0*f. Calculate z(-3).
11
Let o(x) be the third derivative of x**8/20160 - x**7/720 + x**6/720 + x**5/12 + 3*x**2. Let i(y) be the third derivative of o(y). Give i(7).
1
Let s(c) = c**2 - 2*c - 5.